{"id":32,"date":"2017-07-13T11:32:07","date_gmt":"2017-07-13T11:32:07","guid":{"rendered":"https:\/\/www.guiaensalamanca.es\/?page_id=15"},"modified":"2024-03-08T00:29:50","modified_gmt":"2024-03-07T23:29:50","slug":"agencias","status":"publish","type":"page","link":"https:\/\/guiaensalamanca.es\/?page_id=32","title":{"rendered":"Agencias"},"content":{"rendered":"<div id=\"pl-32\"  class=\"panel-layout\" ><div id=\"pg-32-0\"  class=\"panel-grid panel-no-style\" ><div id=\"pgc-32-0-0\"  class=\"panel-grid-cell\" ><div id=\"panel-32-0-0-0\" class=\"so-panel widget widget_sow-editor panel-first-child\" data-index=\"0\" ><div\n\t\t\t\n\t\t\tclass=\"so-widget-sow-editor so-widget-sow-editor-base\"\n\t\t\t\n\t\t>\n<div class=\"siteorigin-widget-tinymce textwidget\">\n\t<p>Estimados colaboradores, les presento las rutas tur\u00edsticas en Salamanca m\u00e1s solicitadas por los turistas:<\/p>\n<\/div>\n<\/div><\/div><div id=\"panel-32-0-0-1\" class=\"so-panel widget widget_sow-editor\" data-index=\"1\" ><div\n\t\t\t\n\t\t\tclass=\"so-widget-sow-editor so-widget-sow-editor-base\"\n\t\t\t\n\t\t>\n<div class=\"siteorigin-widget-tinymce textwidget\">\n\t<h5>MEDIA JORNADA CON ENTRADA EN MONUMENTOS:<\/h5>\n<p><strong>3 horas de duraci\u00f3n<\/strong><\/p>\n<p>Puente romano, Catedrales Vieja y Nueva ( 5 \u20ac de entrada ), Universidad antigua ( 5 \u20ac de entrada ), Patio de escuelas menores fachada de la iglesia de la Clerec\u00eda, Casa de las conchas ( patio ), Plaza Mayor<\/p>\n<\/div>\n<\/div><\/div><div id=\"panel-32-0-0-2\" class=\"so-panel widget widget_sow-editor\" data-index=\"2\" ><div\n\t\t\t\n\t\t\tclass=\"so-widget-sow-editor so-widget-sow-editor-base\"\n\t\t\t\n\t\t>\n<div class=\"siteorigin-widget-tinymce textwidget\">\n\t<h5>MEDIA JORNADA SIN ENTRADAS EN MONUMENTOS:<\/h5>\n<p><strong>2 horas de duraci\u00f3n<\/strong><\/p>\n<p>Puente romano, fachadas de las Catedrales vieja y nueva, patio de escuelas menores, fachada de la Universidad antigua, fachada de la iglesia de la Clerec\u00eda, Casa de las conchas ( patio ), Plaza Mayor.<\/p>\n<\/div>\n<\/div><\/div><div id=\"panel-32-0-0-3\" class=\"so-panel widget widget_sow-editor\" data-index=\"3\" ><div\n\t\t\t\n\t\t\tclass=\"so-widget-sow-editor so-widget-sow-editor-base\"\n\t\t\t\n\t\t>\n<div class=\"siteorigin-widget-tinymce textwidget\">\n\t<h5>JORNADA COMPLETA:<\/h5>\n<p><strong>5- 5:30 hora<\/strong>s<\/p>\n<p>A la ruta de media jornada con entrada en monumentos se a\u00f1aden:<\/p>\n<ul>\n<li>Convento de San Esteban ( Dominicos, 4 \u20ac )<\/li>\n<li>Claustro de las Due\u00f1as ( Dominicas, 1 \u20ac grupos de m\u00e1s de 20 pax y 2 \u20ac grupos menos 20 pax )<\/li>\n<li>Patio y fachada del Palacio de la Salina<\/li>\n<li>Fachada Palacio de Monterrey<\/li>\n<li>Fachada Iglesia de la Pur\u00edsima<\/li>\n<\/ul>\n<\/div>\n<\/div><\/div><div id=\"panel-32-0-0-4\" class=\"so-panel widget widget_sow-editor panel-last-child\" data-index=\"4\" ><div\n\t\t\t\n\t\t\tclass=\"so-widget-sow-editor so-widget-sow-editor-base\"\n\t\t\t\n\t\t>\n<div class=\"siteorigin-widget-tinymce textwidget\">\n\t<h5>VISITAS NOCTURNAS CON MONUMENTOS ILUMINADOS:<\/h5>\n<p><strong>2 horas<\/strong><\/p>\n<\/div>\n<\/div><\/div><\/div><div id=\"pgc-32-0-1\"  class=\"panel-grid-cell\" ><div class=\"panel-cell-style panel-cell-style-for-32-0-1\" ><div id=\"panel-32-0-1-0\" class=\"so-panel widget widget_sow-editor panel-first-child\" data-index=\"5\" ><div\n\t\t\t\n\t\t\tclass=\"so-widget-sow-editor so-widget-sow-editor-base\"\n\t\t\t\n\t\t>\n<div class=\"siteorigin-widget-tinymce textwidget\">\n\t<p style=\"color:#ffffff; text-align:center\"><strong>PRECIOS Y MEDIO DE RESERVA:<\/strong><\/p>\n<ul>\n<li>Todas las visitas tienen un precio base hasta 30 personas y un suplemento de 2 \u20ac por persona que supere de 30 ( consultar )<\/li>\n<li>50% de suplemento en visita nocturna<\/li>\n<li>50% en visita en doble idioma<\/li>\n<li>20 \u20ac de suplemento por hora de m\u00e1s del horario especificado en cada ruta<\/li>\n<li>IVA+ 21% , IRPF -15% no incluido en precio<\/li>\n<li>Los precios de entrada a monumentos son para grupos de m\u00e1s de 20 personas. Hay precios m\u00e1s reducidos para desempleados y discapacitados ( consultar )<\/li>\n<\/ul>\n<\/div>\n<\/div><\/div><div id=\"panel-32-0-1-1\" class=\"so-panel widget widget_sow-editor panel-last-child\" data-index=\"6\" ><div\n\t\t\t\n\t\t\tclass=\"so-widget-sow-editor so-widget-sow-editor-base\"\n\t\t\t\n\t\t>\n<div class=\"siteorigin-widget-tinymce textwidget\">\n\t<p style=\"color:#ffffff; text-align:center\"><strong>Para confirmar la reserva del gu\u00eda :<\/strong><\/p>\n<ul>\n<li>Env\u00edo de mail con datos exactos del grupo y n\u00famero m\u00f3vil de contacto de responsable del mismo a la direcci\u00f3n <a href=\"mailto:mabelesteban-g@telefonica.net\">mabelesteban-g@telefonica.net<\/a><\/li>\n<li>Detallar hora y punto de encuentro con cliente<\/li>\n<li>Realizar prepago o pago directo el d\u00eda de la visita<\/li>\n<\/ul>\n<\/div>\n<\/div><\/div><\/div><\/div><\/div><\/div>","protected":false},"excerpt":{"rendered":"<p>Estimados colaboradores, les presento las rutas tur\u00edsticas en Salamanca m\u00e1s solicitadas por los turistas: MEDIA JORNADA CON ENTRADA EN MONUMENTOS: 3 horas de duraci\u00f3n Puente romano, Catedrales Vieja y Nueva ( 5 \u20ac de entrada ), Universidad antigua ( 5 \u20ac de entrada ), Patio de escuelas menores fachada de\u2026<\/p>\n<p> <a class=\"continue-reading-link\" href=\"https:\/\/guiaensalamanca.es\/?page_id=32\"><span>Leer m\u00e1s<\/span><i class=\"crycon-right-dir\"><\/i><\/a> <\/p>\n","protected":false},"author":1,"featured_media":0,"parent":0,"menu_order":0,"comment_status":"closed","ping_status":"closed","template":"","meta":{"footnotes":""},"class_list":["post-32","page","type-page","status-publish","hentry"],"aioseo_notices":[],"_links":{"self":[{"href":"https:\/\/guiaensalamanca.es\/index.php?rest_route=\/wp\/v2\/pages\/32","targetHints":{"allow":["GET"]}}],"collection":[{"href":"https:\/\/guiaensalamanca.es\/index.php?rest_route=\/wp\/v2\/pages"}],"about":[{"href":"https:\/\/guiaensalamanca.es\/index.php?rest_route=\/wp\/v2\/types\/page"}],"author":[{"embeddable":true,"href":"https:\/\/guiaensalamanca.es\/index.php?rest_route=\/wp\/v2\/users\/1"}],"replies":[{"embeddable":true,"href":"https:\/\/guiaensalamanca.es\/index.php?rest_route=%2Fwp%2Fv2%2Fcomments&post=32"}],"version-history":[{"count":1,"href":"https:\/\/guiaensalamanca.es\/index.php?rest_route=\/wp\/v2\/pages\/32\/revisions"}],"predecessor-version":[{"id":444,"href":"https:\/\/guiaensalamanca.es\/index.php?rest_route=\/wp\/v2\/pages\/32\/revisions\/444"}],"wp:attachment":[{"href":"https:\/\/guiaensalamanca.es\/index.php?rest_route=%2Fwp%2Fv2%2Fmedia&parent=32"}],"curies":[{"name":"wp","href":"https:\/\/api.w.org\/{rel}","templated":true}]}}

<div id="pl-32"  class="panel-layout" ><div id="pg-32-0"  class="panel-grid panel-no-style" ><div id="pgc-32-0-0"  class="panel-grid-cell" ><div id="panel-32-0-0-0" class="so-panel widget widget_sow-editor panel-first-child" data-index="0" ><div
			
			class="so-widget-sow-editor so-widget-sow-editor-base"
			
		>
<div class="siteorigin-widget-tinymce textwidget">
	<p>Estimados colaboradores, les presento las rutas turísticas en Salamanca más solicitadas por los turistas:</p>
</div>
</div></div><div id="panel-32-0-0-1" class="so-panel widget widget_sow-editor" data-index="1" ><div
			
			class="so-widget-sow-editor so-widget-sow-editor-base"
			
		>
<div class="siteorigin-widget-tinymce textwidget">
	<h5>MEDIA JORNADA CON ENTRADA EN MONUMENTOS:</h5>
<p><strong>3 horas de duración</strong></p>
<p>Puente romano, Catedrales Vieja y Nueva ( 5 € de entrada ), Universidad antigua ( 5 € de entrada ), Patio de escuelas menores fachada de la iglesia de la Clerecía, Casa de las conchas ( patio ), Plaza Mayor</p>
</div>
</div></div><div id="panel-32-0-0-2" class="so-panel widget widget_sow-editor" data-index="2" ><div
			
			class="so-widget-sow-editor so-widget-sow-editor-base"
			
		>
<div class="siteorigin-widget-tinymce textwidget">
	<h5>MEDIA JORNADA SIN ENTRADAS EN MONUMENTOS:</h5>
<p><strong>2 horas de duración</strong></p>
<p>Puente romano, fachadas de las Catedrales vieja y nueva, patio de escuelas menores, fachada de la Universidad antigua, fachada de la iglesia de la Clerecía, Casa de las conchas ( patio ), Plaza Mayor.</p>
</div>
</div></div><div id="panel-32-0-0-3" class="so-panel widget widget_sow-editor" data-index="3" ><div
			
			class="so-widget-sow-editor so-widget-sow-editor-base"
			
		>
<div class="siteorigin-widget-tinymce textwidget">
	<h5>JORNADA COMPLETA:</h5>
<p><strong>5- 5:30 hora</strong>s</p>
<p>A la ruta de media jornada con entrada en monumentos se añaden:</p>
<ul>
<li>Convento de San Esteban ( Dominicos, 4 € )</li>
<li>Claustro de las Dueñas ( Dominicas, 1 € grupos de más de 20 pax y 2 € grupos menos 20 pax )</li>
<li>Patio y fachada del Palacio de la Salina</li>
<li>Fachada Palacio de Monterrey</li>
<li>Fachada Iglesia de la Purísima</li>
</ul>
</div>
</div></div><div id="panel-32-0-0-4" class="so-panel widget widget_sow-editor panel-last-child" data-index="4" ><div
			
			class="so-widget-sow-editor so-widget-sow-editor-base"
			
		>
<div class="siteorigin-widget-tinymce textwidget">
	<h5>VISITAS NOCTURNAS CON MONUMENTOS ILUMINADOS:</h5>
<p><strong>2 horas</strong></p>
</div>
</div></div></div><div id="pgc-32-0-1"  class="panel-grid-cell" ><div class="panel-cell-style panel-cell-style-for-32-0-1" ><div id="panel-32-0-1-0" class="so-panel widget widget_sow-editor panel-first-child" data-index="5" ><div
			
			class="so-widget-sow-editor so-widget-sow-editor-base"
			
		>
<div class="siteorigin-widget-tinymce textwidget">
	<p style="color:#ffffff; text-align:center"><strong>PRECIOS Y MEDIO DE RESERVA:</strong></p>
<ul>
<li>Todas las visitas tienen un precio base hasta 30 personas y un suplemento de 2 € por persona que supere de 30 ( consultar )</li>
<li>50% de suplemento en visita nocturna</li>
<li>50% en visita en doble idioma</li>
<li>20 € de suplemento por hora de más del horario especificado en cada ruta</li>
<li>IVA+ 21% , IRPF -15% no incluido en precio</li>
<li>Los precios de entrada a monumentos son para grupos de más de 20 personas. Hay precios más reducidos para desempleados y discapacitados ( consultar )</li>
</ul>
</div>
</div></div><div id="panel-32-0-1-1" class="so-panel widget widget_sow-editor panel-last-child" data-index="6" ><div
			
			class="so-widget-sow-editor so-widget-sow-editor-base"
			
		>
<div class="siteorigin-widget-tinymce textwidget">
	<p style="color:#ffffff; text-align:center"><strong>Para confirmar la reserva del guía :</strong></p>
<ul>
<li>Envío de mail con datos exactos del grupo y número móvil de contacto de responsable del mismo a la dirección <a href="mailto:mabelesteban-g@telefonica.net">mabelesteban-g@telefonica.net</a></li>
<li>Detallar hora y punto de encuentro con cliente</li>
<li>Realizar prepago o pago directo el día de la visita</li>
</ul>
</div>
</div></div></div></div></div></div>

<p>Estimados colaboradores, les presento las rutas turísticas en Salamanca más solicitadas por los turistas: MEDIA JORNADA CON ENTRADA EN MONUMENTOS: 3 horas de duración Puente romano, Catedrales Vieja y Nueva ( 5 € de entrada ), Universidad antigua ( 5 € de entrada ), Patio de escuelas menores fachada de…</p>
<p> <a class="continue-reading-link" href="https://guiaensalamanca.es/?page_id=32"><span>Leer más</span><i class="crycon-right-dir"></i></a> </p>
